77 = 27. What is the remainder when 133 is divided by x?
31
Let a = -8 - -8. Suppose -4*i + f = -91, a*i + 2*i - 49 = -3*f. Calculate the remainder when i is divided by 6.
5
Let a = 5 + 11. What is the remainder when 31 is divided by a?
15
Suppose h - 6*h = -530. Calculate the remainder when h is divided by 27.
25
Suppose -161 = -2*i - 19. Let s be (-5)/(4/5 - 1). Let p = -1 + s. What is the remainder when i is divided by p?
23
Let g be (6 + 9/(-3))/1. Let d = 1 + g. What is the remainder when 7 is divided by d?
3
Suppose 2*p - 7*p + 5 = 0. Suppose 5*t - 1 = 4*t. Calculate the remainder when t is divided by p.
0
Suppose u = 27 - 4. Let m(t) = 7*t - 1. Calculate the remainder when u is divided by m(2).
10
Let h be (-12)/(-2)*(2 + -1). Let b be (-3)/(-6)*h*-1. Let r = b - -12. What is the remainder when r is divided by 5?
4
Suppose -6*j + 5*j + 45 = 0. Calculate the remainder when j is divided by 10.
5
Let s = 30 + -55. Calculate the remainder when -2 + 3*(-32)/(-6) is divided by (s/(-5))/(1 - 0).
4
Let j = 88 - 87. Calculate the remainder when 3 is divided by j.
0
Suppose -4*z + 4*u + 44 = 0, -z + 0*z = 3*u - 15. What is the remainder when 22 is divided by z?
10
Suppose 713 = 5*y + 78. Calculate the remainder when y is divided by 32.
31
Suppose 4*a = 71 - 235. Let w = 59 + a. What is the remainder when w is divided by 10?
8
Suppose 48 = -0*p + 4*p. Suppose 0*o = -4*o + p. Calculate the remainder when 10 is divided by o.
1
Let r = -13 - -31. What is the remainder when 69 is divided by r?
15
Let h = -16 + 7. Let i = h - -28. Suppose 0 = t - i - 20. What is the remainder when t is divided by 10?
9
Let v = 54 + 76. What is the remainder when v is divided by 44?
42
Suppose 3*s - 20 = -2*r + 5*s, -4*r = -5*s - 39. Let p = 11 + 9. What is the remainder when p is divided by r?
9
Let w(o) = -o**3 + 5*o**2 + 8*o - 9. Let s = -135 - -138. Calculate the remainder when s is divided by w(6).
0
Let s(u) = -u**3 - 3*u**2 + 5*u - 1. What is the remainder when 69 is divided by s(-5)?
21
Let j(u) = -3 + 6*u**2 + u**2 - 8*u**2 + 8*u. Calculate the remainder when 21 is divided by j(3).
9
Suppose -2*x - 4*v = v - 58, 0 = -5*x + 3*v + 114. Calculate the remainder when 94 is divided by x.
22
Suppose 5*u - 5*s - 398 = 47, 2*u + 3*s - 173 = 0. Calculate the remainder when u is divided by 30.
28
Suppose 0 = -5*c + 4*c + 14. Let i(j) = 4*j**2 + j. Let d be i(-1). Calculate the remainder when 26/(1/3*d) is divided by c.
12
Let p(u) = 2*u**2 + 10*u + 3. Let t be p(-4). Calculate the remainder when 89 + t + 2 + -1 is divided by 22.
19
Let y = 10 + -5. Calculate the remainder when 10*-1*(-2)/4 is divided by y + (2 - 4/1).
2
Let d(y) = y**3 - 7*y**2 - 10*y - 2. Let t be d(8). Calculate the remainder when 29 is divided by 52/6 - t/(-27).
5
Suppose -3*r = 2*r - 165. Calculate the remainder when r is divided by 17.
16
Suppose 0 = -s + 3. Calculate the remainder when (-4 - -7)/(s/13) is divided by 7.
6
Let g(r) be the first derivative of -r**3/3 + r**2/2 + 9*r + 6. What is the remainder when 35 is divided by g(0)?
8
Suppose 0*a = 2*a + 10. Let d(u) = -4*u**3 + 5*u**3 - u + 1 + 5*u**2 + 3. Calculate the remainder when 26 is divided by d(a).
8
Suppose -3*s + 6*s = 33. Suppose 3*b - 75 = -3*c, -5*c + 4*b = -3*c - 20. Calculate the remainder when c is divided by s.
9
Let f = -3 - -26. Let s(m) = m**3 + 5*m**2 + m - 4. What is the remainder when f is divided by s(-4)?
7
Suppose 61 + 14 = 5*f. Calculate the remainder when 147 is divided by f.
12
Suppose v + 1 = c - 4, 23 = 3*c + v. Suppose -6*d + 4*d + 4*l + 26 = 0, -5*d - l = -10. Calculate the remainder when c is divided by d.
1
Suppose 0 = a - 6*a - 10. Let j = 12 - a. What is the remainder when j is divided by 6?
2
Let q(j) = -22*j + 17. Calculate the remainder when q(-5) is divided by 32.
31
Suppose 2*w - 33 = -2*j - 1, 5*w - 15 = 0. Suppose 12 = 4*k - k. Suppose n + 1 = 5*c - 0, k*n = 3*c + j. Calculate the remainder when 1 is divided by c.
0
What is the remainder when 13 is divided by 0 - (-6 - (1 + -4))?
1
Let w(b) = -b + 4. Let x be w(0). Suppose -x*t - 204 = -4*l, -2*l - 4*t = -5*l + 150. Calculate the remainder when l is divided by 14.
12
Let a = -111 + 119. Calculate the remainder when 86 is divided by a.
6
Let x be (-3)/(-3)*3 - 0. Suppose x*v = -v + 196. What is the remainder when v is divided by 13?
10
Let b(u) = -7*u + 16. Let z be b(5). Let p = z + 49. What is the remainder when 87 is divided by p?
27
Suppose 29 = -4*r + 113. What is the remainder when 81 is divided by r?
18
Suppose f = -3*k - f, 5 = -2*k - 3*f. Let t be 4/(-14) + k/7. Suppose 4*m - 4*l = 100, t*l + 5*l = 4*m - 103. Calculate the remainder when m is divided by 8.
6
Let l(h) = -3*h - 17. Let r be l(-7). Calculate the remainder when 70 is divided by r/((-12)/9) - -27.
22
Suppose 2 = k - 0*k. Suppose 1 = k*c - 1. Suppose -6 = -3*u, 0 = -4*z + 4*u - 2 - 2. What is the remainder when z is divided by c?
0
Suppose 0 = -2*x + 7*x - 15. Let q(k) = 2*k + 4. Calculate the remainder when q(x) is divided by 4.
2
Suppose 5*q = -3 + 23. Suppose -b = 5*u - 18, 3*u + u = -q*b + 8. Let j = 4 - 2. Calculate the remainder when u is divided by j.
0
Let t(d) = -d + 2. Let b be t(6). Let n = b - -37. What is the remainder when n is divided by 17?
16
Suppose 0 = z + 3*z - 16. Suppose z*x = 23 + 25. What is the remainder when 33 is divided by x?
9
Suppose -f + 5*f = 28. Suppose -4 = z + 3*z. Let w = 13 + z. Calculate the remainder when w is divided by f.
5
Suppose -o - 2 = -4. Suppose 5*y = 3*f + 34, 4*f - o + 4 = -2*y. Let d(s) = -s**3 - 7*s**2 - 6*s + 8. Calculate the remainder when d(-6) is divided by y.
3
Let n = 12 - 8. Calculate the remainder when 17 is divided by n.
1
Let t = 3 - -2. Let k = 12 - t. What is the remainder when 12 is divided by k?
5
Suppose -6*c + 11*c - 80 = 0. Let s(b) = -b + 2. Let o be s(-6). Suppose 0 = 2*t - c - o. Calculate the remainder when 35 is divided by t.
11
Let t = -18 - -50. What is the remainder when t is divided by 7?
4
Suppose -3*j - 5*y = -33, 5*j - 18 = 4*j - 4*y. Calculate the remainder when j is divided by 3.
0
Let n(h) = h**2 + h + 1. Let z be n(-1). What is the remainder when (9/(-2))/((-21)/28) is divided by z + (-5 - -2)/(-1)?
2
Let x be -6*(1 + 10/(-4)). Calculate the remainder when x/(-12) + 875/20 is divided by 22.
21
Let l be 1 - (0 - (-2)/2). Suppose 2*v - 36 = -l*v + 2*a, 4 = -2*a. What is the remainder when v is divided by 6?
4
Suppose 4 = 7*g - 6*g. Suppose g*t - 3*d - 30 = 0, -t + 0*t + 13 = 2*d. Calculate the remainder when 25 is divided by t.
7
Let d(a) be the second derivative of -3*a**3 - 2*a**2 + a. Calculate the remainder when d(-3) is divided by 17.
16
Let v = 16 - 4. What is the remainder when 32 is divided by v?
8
Suppose 4*c - 2*f = -3*f + 12, 16 = -c - 5*f. Suppose c*k - 69 = 63. Calculate the remainder when k is divided by 9.
6
Suppose -5*b + 174 = -0*l + l, -2*b + 64 = -l. What is the remainder when (-1*b)/(2 + -4) is divided by 9?
8
Suppose 5*p = l - 2*l + 65, 0 = 2*l. What is the remainder when p is divided by 8?
5
Let d(m) = 18*m**2 + 2*m - 1. Let g = 14 - -9. Calculate the remainder when d(-2) is divided by g.
21
Let q = -10 - -5. Let x = q - -17. Let b = 51 - 29. Calculate the remainder when b is divided by x.
10
Let z = 0 + 2. Let v = z + -1. Let x = 96 - 94. Calculate the remainder when x is divided by v.
0
Suppose -16 = -28*v + 96. Calculate the remainder when 17 is divided by v.
1
Suppose 3*l + 4*a - a = 21, -3*l = -2*a - 16. Calculate the remainder when ((-27)/2 + 2)*(-14 + 12) is divided by l.
5
What is the remainder when (-4)/(-1) - 6/(-2) is divided by 5?
2
Suppose a - 63 = -2*a. Suppose w = a + 12. Calculate the remainder when w is divided by 18.
15
Let w be 4/10 - (-9385)/(-25). What is the remainder when 122 is divided by 1/(w/(-93) + -4)?
29
Let h(w) = w + 3. Let s(l) = 5*l**2 + 1. Let m be s(1). Let p be h(m). Suppose -2*d + p = a - 3, a - 2*d = 16. What is the remainder when 40 is divided by a?
12
Let p = 20 - 18. Suppose p*d = j - 2 - 5, -19 = -j - 4*d. What is the remainder when j is divided by (3 - 0) + 0/2?
2
What is the remainder when (287/28)/((-2)/(-8)) is divided by 22?
19
Suppose 28 + 22 = 5*s. Suppose -4*h - 2*m = m - s, -16 = -2*h + 4*m. Calculate the remainder when 5 is di